{"id":2,"date":"2014-02-20T14:45:44","date_gmt":"2014-02-20T14:45:44","guid":{"rendered":"http:\/\/linnanmaa.fi\/\/?page_id=2"},"modified":"2021-04-11T15:12:43","modified_gmt":"2021-04-11T12:12:43","slug":"esimerkkisivu","status":"publish","type":"page","link":"https:\/\/linnanmaa.fi\/","title":{"rendered":"Linnanmaan asukastoimikunta"},"content":{"rendered":"<p style=\"text-align: justify;\">Asukastoimikunnan puheenjohtajana toimii:<br \/>\n<div class=\"wrap pdb-list pdb-instance-1 participants-database\" id=\"participants-list-1\">\n    \n\n    <style type=\"text\/css\">\n    .pdb-list section {\n      margin: 1.5em 0;\n    }\n    .pdb-field-title {\n      font-weight: bold;\n      padding-right: 15px;\n    }\n    .pdb-field-title:after {\n      content: ':';\n    }\n  <\/style>\n\n  <div class=\"pdb-list list-container\" >\n\n    \n      \n\n    \n              <section id=\"record-13\">\n                                    <div class=\"pdb-field  full_name-field\" >\n                <span class=\"pdb-field-title\">Nimi<\/span>\n                <span class=\"pdb-field-data\">Viljami Viinikka<\/span>\n              <\/div>\n            \n                                    <div class=\"pdb-field  email-field\" >\n                <span class=\"pdb-field-title\">S\u00e4hk\u00f6postiosoite<\/span>\n                <span class=\"pdb-field-data\">viljamivi[\u00e4t]gmail.com<\/span>\n              <\/div>\n            \n                  <\/section>\n      \n      <\/div>\n  <\/div>\n<\/p>\n<p style=\"text-align: justify;\">ja lainatavaroista ja lautapeleist\u00e4 vastaavat:<br \/>\n<div class=\"wrap pdb-list pdb-instance-2 participants-database\" id=\"participants-list-2\">\n    \n\n    <style type=\"text\/css\">\n    .pdb-list section {\n      margin: 1.5em 0;\n    }\n    .pdb-field-title {\n      font-weight: bold;\n      padding-right: 15px;\n    }\n    .pdb-field-title:after {\n      content: ':';\n    }\n  <\/style>\n\n  <div class=\"pdb-list list-container\" >\n\n    \n      \n\n    \n              <section id=\"record-27\">\n                                    <div class=\"pdb-field  full_name-field\" >\n                <span class=\"pdb-field-title\">Nimi<\/span>\n                <span class=\"pdb-field-data\">Kari Anunti<\/span>\n              <\/div>\n            \n                                  \n                  <\/section>\n              <section id=\"record-13\">\n                                    <div class=\"pdb-field  full_name-field\" >\n                <span class=\"pdb-field-title\">Nimi<\/span>\n                <span class=\"pdb-field-data\">Viljami Viinikka<\/span>\n              <\/div>\n            \n                                    <div class=\"pdb-field  email-field\" >\n                <span class=\"pdb-field-title\">S\u00e4hk\u00f6postiosoite<\/span>\n                <span class=\"pdb-field-data\">viljamivi[\u00e4t]gmail.com<\/span>\n              <\/div>\n            \n                  <\/section>\n      \n      <\/div>\n  <\/div>\n<\/p>\n<p>Muut yhteystiedot ovat <a href=\"http:\/\/linnanmaa.fi\/?page_id=4\">j\u00e4senluettelossa<\/a> ja kerhotilavastaavat l\u00f6ytyv\u00e4t yl\u00e4palkin Kerhotilat-valikon kautta.<\/p>\n<hr \/>\n<p style=\"text-align: justify;\"><strong>Asutko Linnanmaalla? Tule sin\u00e4kin mukaan asukastoimikuntaan!<\/strong><\/p>\n<p style=\"text-align: justify;\">Linnanmaan asukastoimikunta on alueen asukkaiden keskuudestaan valitsema toimielin, jonka teht\u00e4v\u00e4n\u00e4 on toimia v\u00e4lik\u00e4ten\u00e4 asukkaiden ja PSOASin v\u00e4lill\u00e4, j\u00e4rjest\u00e4\u00e4 toimintaa alueen asukkaille, yll\u00e4pit\u00e4\u00e4 kerhotiloja sek\u00e4 tarjota asukkaiden k\u00e4ytt\u00f6\u00f6n lainatavaroita. Kuulostaa viralliselta, mutta oikeasti olemme aika rentoa v\u00e4ke\u00e4, ja sit\u00e4 paitsi asukastoimikunnassa puuhastelu on oivallinen tapa vaikuttaa alueen asumisolosuhteisiin.<\/p>\n<p style=\"text-align: justify;\">Asukastoimikunta valitaan vuodeksi kerrallaan marraskuussa j\u00e4rjestett\u00e4v\u00e4ss\u00e4 asukaskokouksessa. Mukaan toimintaan p\u00e4\u00e4set kuitenkin vaikka heti\u00a0\u2013 tule seuraavaan kokoukseen, ja p\u00e4\u00e4set heti vaikuttamaan asioihin.<\/p>\n<p><a href=\"https:\/\/www.instagram.com\/linnanmaanasukkaat\/\" target=\"_blank\" rel=\"noopener noreferrer\">Instagram<\/a><br \/>\n<a href=\"https:\/\/www.facebook.com\/groups\/489076434609011\/\" target=\"_blank\" rel=\"noopener noreferrer\">Facebook<\/a><\/p>\n","protected":false},"excerpt":{"rendered":"<p>Asukastoimikunnan puheenjohtajana toimii: ja lainatavaroista ja lautapeleist\u00e4 vastaavat: Muut yhteystiedot ovat j\u00e4senluettelossa ja kerhotilavastaavat l\u00f6ytyv\u00e4t yl\u00e4palkin Kerhotilat-valikon kautta. Asutko Linnanmaalla? Tule sin\u00e4kin mukaan asukastoimikuntaan! Linnanmaan asukastoimikunta on alueen asukkaiden keskuudestaan valitsema toimielin, jonka teht\u00e4v\u00e4n\u00e4 on toimia v\u00e4lik\u00e4ten\u00e4 asukkaiden ja PSOASin v\u00e4lill\u00e4, j\u00e4rjest\u00e4\u00e4 toimintaa alueen asukkaille, yll\u00e4pit\u00e4\u00e4 kerhotiloja sek\u00e4 tarjota asukkaiden k\u00e4ytt\u00f6\u00f6n lainatavaroita. Kuulostaa viralliselta, mutta &hellip; <a href=\"https:\/\/linnanmaa.fi\/\" class=\"more-link\">Jatka lukemista <span class=\"screen-reader-text\">Linnanmaan asukastoimikunta<\/span> <span class=\"meta-nav\">&rarr;<\/span><\/a><\/p>\n","protected":false},"author":4,"featured_media":0,"parent":0,"menu_order":0,"comment_status":"closed","ping_status":"open","template":"","meta":{"footnotes":""},"class_list":["post-2","page","type-page","status-publish","hentry"],"_links":{"self":[{"href":"https:\/\/linnanmaa.fi\/index.php?rest_route=\/wp\/v2\/pages\/2","targetHints":{"allow":["GET"]}}],"collection":[{"href":"https:\/\/linnanmaa.fi\/index.php?rest_route=\/wp\/v2\/pages"}],"about":[{"href":"https:\/\/linnanmaa.fi\/index.php?rest_route=\/wp\/v2\/types\/page"}],"author":[{"embeddable":true,"href":"https:\/\/linnanmaa.fi\/index.php?rest_route=\/wp\/v2\/users\/4"}],"replies":[{"embeddable":true,"href":"https:\/\/linnanmaa.fi\/index.php?rest_route=%2Fwp%2Fv2%2Fcomments&post=2"}],"version-history":[{"count":12,"href":"https:\/\/linnanmaa.fi\/index.php?rest_route=\/wp\/v2\/pages\/2\/revisions"}],"predecessor-version":[{"id":632,"href":"https:\/\/linnanmaa.fi\/index.php?rest_route=\/wp\/v2\/pages\/2\/revisions\/632"}],"wp:attachment":[{"href":"https:\/\/linnanmaa.fi\/index.php?rest_route=%2Fwp%2Fv2%2Fmedia&parent=2"}],"curies":[{"name":"wp","href":"https:\/\/api.w.org\/{rel}","templated":true}]}}