{"id":38,"date":"2014-02-20T19:27:26","date_gmt":"2014-02-20T17:27:26","guid":{"rendered":"http:\/\/linnanmaa.fi\/\/?page_id=38"},"modified":"2024-04-12T19:09:28","modified_gmt":"2024-04-12T16:09:28","slug":"yliopistokatu-24-c-ompeluhuone","status":"publish","type":"page","link":"https:\/\/linnanmaa.fi\/?page_id=38","title":{"rendered":"Yliopistokatu 24 C: pelihuone"},"content":{"rendered":"<p><span style=\"color: #2b2b2b;\"><span style=\"font-family: Lato, sans-serif;\"><span style=\"font-size: medium;\">Kangaspuuhuoneella on kangaspuut, joilla voi kutoa perinteist\u00e4 r\u00e4symattoa. Apua kangaspuiden k\u00e4ytt\u00f6\u00f6n voi kysy\u00e4 kerhotilavastaavalta s\u00e4hk\u00f6postitse.<\/span><\/span><\/span><\/p>\n<p><strong>Kerhotilavastaavat:<\/strong><br \/>\n<div class=\"wrap pdb-list pdb-instance-1 participants-database\" id=\"participants-list-1\">\n    \n\n    <style type=\"text\/css\">\n    .pdb-list section {\n      margin: 1.5em 0;\n    }\n    .pdb-field-title {\n      font-weight: bold;\n      padding-right: 15px;\n    }\n    .pdb-field-title:after {\n      content: ':';\n    }\n  <\/style>\n\n  <div class=\"pdb-list list-container\" >\n\n    \n      \n\n    \n              <section id=\"record-25\">\n                                    <div class=\"pdb-field  full_name-field\" >\n                <span class=\"pdb-field-title\">Nimi<\/span>\n                <span class=\"pdb-field-data\">Hamad Siddiqi<\/span>\n              <\/div>\n            \n                                  \n                                  \n                                  \n                  <\/section>\n      \n      <\/div>\n  <\/div>\n<\/p>\n","protected":false},"excerpt":{"rendered":"<p>Kangaspuuhuoneella on kangaspuut, joilla voi kutoa perinteist\u00e4 r\u00e4symattoa. Apua kangaspuiden k\u00e4ytt\u00f6\u00f6n voi kysy\u00e4 kerhotilavastaavalta s\u00e4hk\u00f6postitse. Kerhotilavastaavat:<\/p>\n","protected":false},"author":4,"featured_media":0,"parent":12,"menu_order":5,"comment_status":"closed","ping_status":"open","template":"","meta":{"footnotes":""},"class_list":["post-38","page","type-page","status-publish","hentry"],"_links":{"self":[{"href":"https:\/\/linnanmaa.fi\/index.php?rest_route=\/wp\/v2\/pages\/38","targetHints":{"allow":["GET"]}}],"collection":[{"href":"https:\/\/linnanmaa.fi\/index.php?rest_route=\/wp\/v2\/pages"}],"about":[{"href":"https:\/\/linnanmaa.fi\/index.php?rest_route=\/wp\/v2\/types\/page"}],"author":[{"embeddable":true,"href":"https:\/\/linnanmaa.fi\/index.php?rest_route=\/wp\/v2\/users\/4"}],"replies":[{"embeddable":true,"href":"https:\/\/linnanmaa.fi\/index.php?rest_route=%2Fwp%2Fv2%2Fcomments&post=38"}],"version-history":[{"count":14,"href":"https:\/\/linnanmaa.fi\/index.php?rest_route=\/wp\/v2\/pages\/38\/revisions"}],"predecessor-version":[{"id":686,"href":"https:\/\/linnanmaa.fi\/index.php?rest_route=\/wp\/v2\/pages\/38\/revisions\/686"}],"up":[{"embeddable":true,"href":"https:\/\/linnanmaa.fi\/index.php?rest_route=\/wp\/v2\/pages\/12"}],"wp:attachment":[{"href":"https:\/\/linnanmaa.fi\/index.php?rest_route=%2Fwp%2Fv2%2Fmedia&parent=38"}],"curies":[{"name":"wp","href":"https:\/\/api.w.org\/{rel}","templated":true}]}}