{"id":44,"date":"2014-02-20T19:36:18","date_gmt":"2014-02-20T17:36:18","guid":{"rendered":"http:\/\/linnanmaa.fi\/\/?page_id=44"},"modified":"2023-02-13T22:27:58","modified_gmt":"2023-02-13T20:27:58","slug":"yliopistokatu-40-kerhosauna","status":"publish","type":"page","link":"https:\/\/linnanmaa.fi\/?page_id=44","title":{"rendered":"Yliopistokatu 40: kerhosauna"},"content":{"rendered":"<blockquote><p><strong>Huom! Vastaamme lomakausina s\u00e4hk\u00f6posteihin normaalia hitaammin. Asukastoiminnan j\u00e4seni\u00e4 ei ole v\u00e4ltt\u00e4m\u00e4tt\u00e4 paikanp\u00e4\u00e4ll\u00e4 vuokraamassa saunaa sinulle haluamanasi ajankohtana.<\/strong><\/p><\/blockquote>\n<p style=\"text-align: justify;\">Kerhosaunaa vuokrataan 20 euron hintaan. Kerhosaunalla on useamman hengen sauna ja suihkutila, pukuhuone ja kokoustila. Kokoustilassa on iso TV, joka on kytketty my\u00f6s tietokoneeseen ja DVD-soittimeen. Vilvoittelemaan saunan j\u00e4lkeen p\u00e4\u00e4see terassille, ja ruokapuolta ajatellen tilassa on j\u00e4\u00e4kaappi ja mikro.<\/p>\n<p style=\"text-align: justify;\">Kerhosaunan varaustilanteen n\u00e4kee sivun alalaidassa olevasta varauskalenterista, ja varauspyynn\u00f6n voi esitt\u00e4\u00e4 ottamalla s\u00e4hk\u00f6postitse yhteytt\u00e4 saunavastaaviin. Varaus alkaa aina varattuna p\u00e4iv\u00e4n\u00e4 klo 16 ja p\u00e4\u00e4ttyy seuraavana p\u00e4iv\u00e4n\u00e4 klo 14.<\/p>\n<p style=\"text-align: justify;\">Ota yhteytt\u00e4 saunavastaaviin:<\/p>\n<div class=\"wrap pdb-list pdb-instance-1 participants-database\" id=\"participants-list-1\">\n    \n\n    <style type=\"text\/css\">\n    .pdb-list section {\n      margin: 1.5em 0;\n    }\n    .pdb-field-title {\n      font-weight: bold;\n      padding-right: 15px;\n    }\n    .pdb-field-title:after {\n      content: ':';\n    }\n  <\/style>\n\n  <div class=\"pdb-list list-container\" >\n\n    \n      \n\n    \n              <section id=\"record-20\">\n                                    <div class=\"pdb-field  full_name-field\" >\n                <span class=\"pdb-field-title\">Nimi<\/span>\n                <span class=\"pdb-field-data\">Kani Keskitalo<\/span>\n              <\/div>\n            \n                                    <div class=\"pdb-field  email-field\" >\n                <span class=\"pdb-field-title\">S\u00e4hk\u00f6postiosoite<\/span>\n                <span class=\"pdb-field-data\">kanikeskita[\u00e4t]gmail.com<\/span>\n              <\/div>\n            \n                                  \n                                  \n                  <\/section>\n      \n      <\/div>\n  <\/div>\n\n<p>Huom!<br \/>\n&#8211; Y\u00f6pyminen kerhotiloissa on kielletty!<br \/>\n&#8211; Saunavastaava voi oman harkintansa mukaan olla vuokraamatta saunaa k\u00e4ytt\u00e4j\u00e4n aiempien s\u00e4\u00e4nt\u00f6rikkeiden vuoksi. N\u00e4it\u00e4 on esimerkiksi hiljaisuuden noudattamatta j\u00e4tt\u00e4minen klo 22 j\u00e4lkeen.<\/p>\n<p><iframe loading=\"lazy\" style=\"border-width: 0;\" src=\"https:\/\/www.google.com\/calendar\/embed?title=Varauskalenteri&amp;showPrint=0&amp;showTabs=0&amp;showCalendars=0&amp;showTz=0&amp;height=350&amp;wkst=2&amp;bgcolor=%23FFFFFF&amp;src=sauna%40linnanmaa.fi&amp;color=%232952A3&amp;ctz=Europe%2FHelsinki\" width=\"500\" height=\"350\" frameborder=\"0\" scrolling=\"no\"><\/iframe><\/p>\n<p><strong>Kerhotilavastaavat:<\/strong><\/p>\n<div class=\"wrap pdb-list pdb-instance-2 participants-database\" id=\"participants-list-2\">\n    \n\n    <style type=\"text\/css\">\n    .pdb-list section {\n      margin: 1.5em 0;\n    }\n    .pdb-field-title {\n      font-weight: bold;\n      padding-right: 15px;\n    }\n    .pdb-field-title:after {\n      content: ':';\n    }\n  <\/style>\n\n  <div class=\"pdb-list list-container\" >\n\n    \n      \n\n    \n              <section id=\"record-20\">\n                                    <div class=\"pdb-field  full_name-field\" >\n                <span class=\"pdb-field-title\">Nimi<\/span>\n                <span class=\"pdb-field-data\">Kani Keskitalo<\/span>\n              <\/div>\n            \n                                    <div class=\"pdb-field  email-field\" >\n                <span class=\"pdb-field-title\">S\u00e4hk\u00f6postiosoite<\/span>\n                <span class=\"pdb-field-data\">kanikeskita[\u00e4t]gmail.com<\/span>\n              <\/div>\n            \n                                  \n                                  \n                  <\/section>\n      \n      <\/div>\n  <\/div>\n\n","protected":false},"excerpt":{"rendered":"<p>Huom! Vastaamme lomakausina s\u00e4hk\u00f6posteihin normaalia hitaammin. Asukastoiminnan j\u00e4seni\u00e4 ei ole v\u00e4ltt\u00e4m\u00e4tt\u00e4 paikanp\u00e4\u00e4ll\u00e4 vuokraamassa saunaa sinulle haluamanasi ajankohtana. Kerhosaunaa vuokrataan 20 euron hintaan. Kerhosaunalla on useamman hengen sauna ja suihkutila, pukuhuone ja kokoustila. Kokoustilassa on iso TV, joka on kytketty my\u00f6s tietokoneeseen ja DVD-soittimeen. Vilvoittelemaan saunan j\u00e4lkeen p\u00e4\u00e4see terassille, ja ruokapuolta ajatellen tilassa on j\u00e4\u00e4kaappi ja &hellip; <a href=\"https:\/\/linnanmaa.fi\/?page_id=44\" class=\"more-link\">Jatka lukemista <span class=\"screen-reader-text\">Yliopistokatu 40: kerhosauna<\/span> <span class=\"meta-nav\">&rarr;<\/span><\/a><\/p>\n","protected":false},"author":4,"featured_media":0,"parent":12,"menu_order":8,"comment_status":"closed","ping_status":"open","template":"","meta":{"footnotes":""},"class_list":["post-44","page","type-page","status-publish","hentry"],"_links":{"self":[{"href":"https:\/\/linnanmaa.fi\/index.php?rest_route=\/wp\/v2\/pages\/44","targetHints":{"allow":["GET"]}}],"collection":[{"href":"https:\/\/linnanmaa.fi\/index.php?rest_route=\/wp\/v2\/pages"}],"about":[{"href":"https:\/\/linnanmaa.fi\/index.php?rest_route=\/wp\/v2\/types\/page"}],"author":[{"embeddable":true,"href":"https:\/\/linnanmaa.fi\/index.php?rest_route=\/wp\/v2\/users\/4"}],"replies":[{"embeddable":true,"href":"https:\/\/linnanmaa.fi\/index.php?rest_route=%2Fwp%2Fv2%2Fcomments&post=44"}],"version-history":[{"count":16,"href":"https:\/\/linnanmaa.fi\/index.php?rest_route=\/wp\/v2\/pages\/44\/revisions"}],"predecessor-version":[{"id":679,"href":"https:\/\/linnanmaa.fi\/index.php?rest_route=\/wp\/v2\/pages\/44\/revisions\/679"}],"up":[{"embeddable":true,"href":"https:\/\/linnanmaa.fi\/index.php?rest_route=\/wp\/v2\/pages\/12"}],"wp:attachment":[{"href":"https:\/\/linnanmaa.fi\/index.php?rest_route=%2Fwp%2Fv2%2Fmedia&parent=44"}],"curies":[{"name":"wp","href":"https:\/\/api.w.org\/{rel}","templated":true}]}}