{"id":72,"date":"2014-02-20T20:09:08","date_gmt":"2014-02-20T18:09:08","guid":{"rendered":"http:\/\/linnanmaa.fi\/\/?page_id=72"},"modified":"2017-01-22T23:31:00","modified_gmt":"2017-01-22T21:31:00","slug":"tavarat","status":"publish","type":"page","link":"https:\/\/linnanmaa.fi\/?page_id=72","title":{"rendered":"Tavarat"},"content":{"rendered":"<p style=\"text-align: justify;\">T\u00e4m\u00e4n sivun tavaroita lainaamme maksutta pelkk\u00e4\u00e4 panttia vastaan. Pantiksi kelpaa henkil\u00f6llisyystodistus, jonka olet valmis j\u00e4tt\u00e4m\u00e4\u00e4n v\u00e4linevastaavalle siksi aikaa, kun tavarat ovat sinulla lainassa.<\/p>\n<p style=\"text-align: justify;\"><strong>Enimm\u00e4islaina-aika on kaksi viikkoa.<\/strong> Emme halua, ett\u00e4 tavarat unohtuvat lainaajien nurkkiin py\u00f6rim\u00e4\u00e4n. Lis\u00e4aikaa saa kuitenkin pyyt\u00e4m\u00e4ll\u00e4, ellei tavaroille ole varauksia.<\/p>\n<h2 style=\"text-align: justify;\"><strong>Tiedustelut s\u00e4hk\u00f6postitse!<\/strong><\/h2>\n<p style=\"text-align: justify;\">Vastaan s\u00e4hk\u00f6posteihin vuorokauden sis\u00e4ll\u00e4. Teemme asukastoimikuntahommia oman el\u00e4m\u00e4mme, opiskelujemme ja ty\u00f6mme ohella. Sen vuoksi emme voi taata olevamme tavoitettavissa 24\/7 tai parin tunnin varoitusajalla. Varaudu siis kyselem\u00e4\u00e4n lainatavaroita hyviss\u00e4 ajoin ennen tarvetta.<\/p>\n<h2 style=\"text-align: justify;\">Varastostamme l\u00f6ytyy seuraavaa:<\/h2>\n<p>akkuporakone<br \/>\nauton akkulaturi<br \/>\nauton starttikaapelit<br \/>\nCD-R-asema<br \/>\nDremel<br \/>\nikkunanpesusetti<br \/>\njuotosasema<br \/>\nj\u00e4\u00e4kaira ja pilkkitarvikkeita<br \/>\nkuumaliimapistooli<br \/>\nmehumaija<br \/>\npy\u00f6r\u00e4npumppu<br \/>\nretkikirves<br \/>\nsavustuslaatikko<br \/>\nsilitysrauta<br \/>\nvaravuode<br \/>\nYamaha-kosketinsoitin<\/p>\n<p><strong>Lainatavaroista vastaavat<\/strong><br \/>\n<em>L\u00e4het\u00e4th\u00e4n viestin kaikille vastaaville!<\/em><\/p>\n<div class=\"wrap pdb-list pdb-instance-1 participants-database\" id=\"participants-list-1\">\n    \n\n    <style type=\"text\/css\">\n    .pdb-list section {\n      margin: 1.5em 0;\n    }\n    .pdb-field-title {\n      font-weight: bold;\n      padding-right: 15px;\n    }\n    .pdb-field-title:after {\n      content: ':';\n    }\n  <\/style>\n\n  <div class=\"pdb-list list-container\" >\n\n    \n      \n\n    \n              <section id=\"record-27\">\n                                    <div class=\"pdb-field  full_name-field\" >\n                <span class=\"pdb-field-title\">Nimi<\/span>\n                <span class=\"pdb-field-data\">Kari Anunti<\/span>\n              <\/div>\n            \n                                  \n                                  \n                                  \n                  <\/section>\n              <section id=\"record-13\">\n                                    <div class=\"pdb-field  full_name-field\" >\n                <span class=\"pdb-field-title\">Nimi<\/span>\n                <span class=\"pdb-field-data\">Viljami Viinikka<\/span>\n              <\/div>\n            \n                                    <div class=\"pdb-field  email-field\" >\n                <span class=\"pdb-field-title\">S\u00e4hk\u00f6postiosoite<\/span>\n                <span class=\"pdb-field-data\">viljamivi[\u00e4t]gmail.com<\/span>\n              <\/div>\n            \n                                  \n                                  \n                  <\/section>\n      \n      <\/div>\n  <\/div>\n\n","protected":false},"excerpt":{"rendered":"<p>T\u00e4m\u00e4n sivun tavaroita lainaamme maksutta pelkk\u00e4\u00e4 panttia vastaan. Pantiksi kelpaa henkil\u00f6llisyystodistus, jonka olet valmis j\u00e4tt\u00e4m\u00e4\u00e4n v\u00e4linevastaavalle siksi aikaa, kun tavarat ovat sinulla lainassa. Enimm\u00e4islaina-aika on kaksi viikkoa. Emme halua, ett\u00e4 tavarat unohtuvat lainaajien nurkkiin py\u00f6rim\u00e4\u00e4n. Lis\u00e4aikaa saa kuitenkin pyyt\u00e4m\u00e4ll\u00e4, ellei tavaroille ole varauksia. Tiedustelut s\u00e4hk\u00f6postitse! Vastaan s\u00e4hk\u00f6posteihin vuorokauden sis\u00e4ll\u00e4. Teemme asukastoimikuntahommia oman el\u00e4m\u00e4mme, opiskelujemme ja &hellip; <a href=\"https:\/\/linnanmaa.fi\/?page_id=72\" class=\"more-link\">Jatka lukemista <span class=\"screen-reader-text\">Tavarat<\/span> <span class=\"meta-nav\">&rarr;<\/span><\/a><\/p>\n","protected":false},"author":4,"featured_media":0,"parent":54,"menu_order":0,"comment_status":"closed","ping_status":"open","template":"","meta":{"footnotes":""},"class_list":["post-72","page","type-page","status-publish","hentry"],"_links":{"self":[{"href":"https:\/\/linnanmaa.fi\/index.php?rest_route=\/wp\/v2\/pages\/72","targetHints":{"allow":["GET"]}}],"collection":[{"href":"https:\/\/linnanmaa.fi\/index.php?rest_route=\/wp\/v2\/pages"}],"about":[{"href":"https:\/\/linnanmaa.fi\/index.php?rest_route=\/wp\/v2\/types\/page"}],"author":[{"embeddable":true,"href":"https:\/\/linnanmaa.fi\/index.php?rest_route=\/wp\/v2\/users\/4"}],"replies":[{"embeddable":true,"href":"https:\/\/linnanmaa.fi\/index.php?rest_route=%2Fwp%2Fv2%2Fcomments&post=72"}],"version-history":[{"count":14,"href":"https:\/\/linnanmaa.fi\/index.php?rest_route=\/wp\/v2\/pages\/72\/revisions"}],"predecessor-version":[{"id":519,"href":"https:\/\/linnanmaa.fi\/index.php?rest_route=\/wp\/v2\/pages\/72\/revisions\/519"}],"up":[{"embeddable":true,"href":"https:\/\/linnanmaa.fi\/index.php?rest_route=\/wp\/v2\/pages\/54"}],"wp:attachment":[{"href":"https:\/\/linnanmaa.fi\/index.php?rest_route=%2Fwp%2Fv2%2Fmedia&parent=72"}],"curies":[{"name":"wp","href":"https:\/\/api.w.org\/{rel}","templated":true}]}}