{"id":87,"date":"2014-02-20T20:52:56","date_gmt":"2014-02-20T18:52:56","guid":{"rendered":"http:\/\/linnanmaa.fi\/\/?page_id=87"},"modified":"2017-02-07T12:28:59","modified_gmt":"2017-02-07T10:28:59","slug":"vartiorinki","status":"publish","type":"page","link":"https:\/\/linnanmaa.fi\/?page_id=87","title":{"rendered":"Vartiorinki"},"content":{"rendered":"<p style=\"text-align: justify;\">Linnanmaan vartiorinki on Oulun vanhin vartiorinki, jonka p\u00e4\u00e4teht\u00e4v\u00e4n\u00e4 on turvata asukkaiden levolliset y\u00f6unet. Ouluhan on tunnettu py\u00f6r\u00e4varkaiden paratiisina ja autotkin tuntuvat varkaille kelpaavan. T\u00e4st\u00e4 syyst\u00e4 olemme taas hiljaisen kes\u00e4n j\u00e4lkeen viritt\u00e4neet miehist\u00f6mme uuteen uskoon ja l\u00e4hteneet sankoin joukoin liikkeelle, jotta sin\u00e4 saisit turvallisin mielin j\u00e4tt\u00e4\u00e4 omaisuutesi y\u00f6n ajaksi.<\/p>\n<p style=\"text-align: justify;\">Vartiorinki ei kuitenkaan toimi yhden ihmisen voimin ja koska asukkaiden vaihtuvuus on t\u00e4ll\u00e4 alueella suuri, tarvitsemme mukaan paljon vapaaehtoisia. Toiminta sin\u00e4ll\u00e4\u00e4n on hyvin yksinkertaista. Joka ilta\/y\u00f6 yliopistokadun ja rakentajantien ymp\u00e4rist\u00f6ss\u00e4 kiertelee vartiopari. Koska vapaaehtoisia on mukana paljon, tulee jokaiselle kaksi tai kolme vartiovuoroa vuoden aikana, eli mist\u00e4\u00e4n aikaa viev\u00e4st\u00e4 hommasta ei todellakaan ole kyse.<\/p>\n<p style=\"text-align: justify;\">Toivommekin, ett\u00e4 juuri sin\u00e4 ilmoittaudut mukaan takaamaan meille kaikille niit\u00e4 turvallisia y\u00f6unia. Ilmoittautuminen on eritt\u00e4in yksinkertaista; ilmoita yhteystietosi ja parisi yhteystiedot (jollei ole omaa paria, niin me l\u00f6yd\u00e4mme kyll\u00e4 sinulle mukavan parin), sek\u00e4 mahdolliset toivomukset sopivista p\u00e4ivist\u00e4. Ilmoittautua voit s\u00e4hk\u00f6postilla osoitteeseen vartiorinki[\u00e4t]linnanmaa.fi.<\/p>\n<p style=\"text-align: justify;\">Jokaisen pienell\u00e4 panoksella saamme valtavan hy\u00f6dyn!<\/p>\n<p><strong>Vartiorinkivastaavat<\/strong><br \/>\n<div class=\"wrap pdb-list pdb-instance-1 participants-database\" id=\"participants-list-1\">\n    \n\n    <style type=\"text\/css\">\n    .pdb-list section {\n      margin: 1.5em 0;\n    }\n    .pdb-field-title {\n      font-weight: bold;\n      padding-right: 15px;\n    }\n    .pdb-field-title:after {\n      content: ':';\n    }\n  <\/style>\n\n  <div class=\"pdb-list list-container\" >\n\n    \n      \n\n    \n      <h4><\/h4>\n\n      <\/div>\n  <\/div>\n<\/p>\n","protected":false},"excerpt":{"rendered":"<p>Linnanmaan vartiorinki on Oulun vanhin vartiorinki, jonka p\u00e4\u00e4teht\u00e4v\u00e4n\u00e4 on turvata asukkaiden levolliset y\u00f6unet. Ouluhan on tunnettu py\u00f6r\u00e4varkaiden paratiisina ja autotkin tuntuvat varkaille kelpaavan. T\u00e4st\u00e4 syyst\u00e4 olemme taas hiljaisen kes\u00e4n j\u00e4lkeen viritt\u00e4neet miehist\u00f6mme uuteen uskoon ja l\u00e4hteneet sankoin joukoin liikkeelle, jotta sin\u00e4 saisit turvallisin mielin j\u00e4tt\u00e4\u00e4 omaisuutesi y\u00f6n ajaksi. Vartiorinki ei kuitenkaan toimi yhden ihmisen voimin &hellip; <a href=\"https:\/\/linnanmaa.fi\/?page_id=87\" class=\"more-link\">Jatka lukemista <span class=\"screen-reader-text\">Vartiorinki<\/span> <span class=\"meta-nav\">&rarr;<\/span><\/a><\/p>\n","protected":false},"author":4,"featured_media":0,"parent":0,"menu_order":4,"comment_status":"closed","ping_status":"open","template":"","meta":{"footnotes":""},"class_list":["post-87","page","type-page","status-publish","hentry"],"_links":{"self":[{"href":"https:\/\/linnanmaa.fi\/index.php?rest_route=\/wp\/v2\/pages\/87","targetHints":{"allow":["GET"]}}],"collection":[{"href":"https:\/\/linnanmaa.fi\/index.php?rest_route=\/wp\/v2\/pages"}],"about":[{"href":"https:\/\/linnanmaa.fi\/index.php?rest_route=\/wp\/v2\/types\/page"}],"author":[{"embeddable":true,"href":"https:\/\/linnanmaa.fi\/index.php?rest_route=\/wp\/v2\/users\/4"}],"replies":[{"embeddable":true,"href":"https:\/\/linnanmaa.fi\/index.php?rest_route=%2Fwp%2Fv2%2Fcomments&post=87"}],"version-history":[{"count":5,"href":"https:\/\/linnanmaa.fi\/index.php?rest_route=\/wp\/v2\/pages\/87\/revisions"}],"predecessor-version":[{"id":550,"href":"https:\/\/linnanmaa.fi\/index.php?rest_route=\/wp\/v2\/pages\/87\/revisions\/550"}],"wp:attachment":[{"href":"https:\/\/linnanmaa.fi\/index.php?rest_route=%2Fwp%2Fv2%2Fmedia&parent=87"}],"curies":[{"name":"wp","href":"https:\/\/api.w.org\/{rel}","templated":true}]}}